{"id":335,"date":"2019-04-15T07:52:43","date_gmt":"2019-04-15T07:52:43","guid":{"rendered":"https:\/\/alselfood.com\/?page_id=335"},"modified":"2026-03-06T14:16:49","modified_gmt":"2026-03-06T14:16:49","slug":"produkte","status":"publish","type":"page","link":"https:\/\/alselfood.com\/index.php\/produkte\/","title":{"rendered":"Produkte"},"content":{"rendered":"<div class=\"wpb-content-wrapper\"><p>[vc_row][vc_column width=&#8221;1\/3&#8243;]<div class=\"ult-content-box-container \" >\t<a class=\"ult-content-box-anchor\" href=\"https:\/\/alselfood.com\/index.php\/akullore\/\" title=\"AKULLORE\" >\t\t<div class=\"ult-content-box\" style=\"background-image:url(&#039;https:\/\/alselfood.com\/wp-content\/uploads\/2019\/04\/back-img-produkte.png&#039;);background-size: cover;background-repeat: repeat;background-position: center center;background-color: rgba(0, 0, 0, 0);box-shadow: px px px px none;-webkit-transition: all 700ms ease;-moz-transition: all 700ms ease;-ms-transition: all 700ms ease;-o-transition: all 700ms ease;transition: all 700ms ease;\"  data-hover_box_shadow=\"none\"    >[vc_single_image image=&#8221;1245&#8243; img_size=&#8221;full&#8221; alignment=&#8221;center&#8221; image_hovers=&#8221;false&#8221;][vc_custom_heading text=&#8221;AKULLORE&#8221; font_container=&#8221;tag:h4|text_align:center&#8221; google_fonts=&#8221;font_family:Montserrat%3Aregular%2C700|font_style:700%20bold%20regular%3A700%3Anormal&#8221; link=&#8221;url:https%3A%2F%2Falselfood.com%2Findex.php%2Fakullore%2F|title:AKULLORE||&#8221;][vc_column_text css=&#8221;.vc_custom_1772806606896{padding-right: 30px !important;padding-left: 30px !important;}&#8221;]<\/p>\n<p style=\"font-family: Montserrat, serif; text-align: center;\"><span style=\"color: #000000;\">Ofrojm\u00eb akullore t\u00eb firm\u00ebs Nestle t\u00eb shijeve t\u00eb ndryshme.<\/span><\/p>\n<p>[\/vc_column_text][vc_empty_space height=&#8221;20px&#8221;][vc_btn title=&#8221;M\u00cb SHUM\u00cb&#8221; style=&#8221;custom&#8221; custom_background=&#8221;#2556A2&#8243; custom_text=&#8221;#ffffff&#8221; shape=&#8221;square&#8221; align=&#8221;center&#8221; css=&#8221;&#8221; link=&#8221;url:https%3A%2F%2Falselfood.com%2Findex.php%2Fakullore%2F|title:AKULLORE||&#8221;][vc_empty_space height=&#8221;20px&#8221;]\t\t<\/div>\t<\/a><\/div>[\/vc_column][vc_column width=&#8221;1\/3&#8243;]<div class=\"ult-content-box-container \" >\t<a class=\"ult-content-box-anchor\" href=\"https:\/\/alselfood.com\/index.php\/prodhime-brumi\/\" title=\"BRUMERAT\" >\t\t<div class=\"ult-content-box\" style=\"background-image:url(&#039;https:\/\/alselfood.com\/wp-content\/uploads\/2019\/04\/back-img-produkte.png&#039;);background-size: cover;background-repeat: repeat;background-position: center center;background-color: rgba(0, 0, 0, 0);box-shadow: px px px px none;-webkit-transition: all 700ms ease;-moz-transition: all 700ms ease;-ms-transition: all 700ms ease;-o-transition: all 700ms ease;transition: all 700ms ease;\"  data-hover_box_shadow=\"none\"    >[vc_single_image image=&#8221;1219&#8243; img_size=&#8221;full&#8221; alignment=&#8221;center&#8221; image_hovers=&#8221;false&#8221;][vc_custom_heading text=&#8221;BRUMERAT&#8221; font_container=&#8221;tag:h4|text_align:center&#8221; google_fonts=&#8221;font_family:Montserrat%3Aregular%2C700|font_style:700%20bold%20regular%3A700%3Anormal&#8221;][vc_column_text css=&#8221;.vc_custom_1554122925448{padding-right: 30px !important;padding-left: 30px !important;}&#8221;]<\/p>\n<p style=\"font-family: Montserrat, serif; text-align: center;\"><span style=\"color: #000000;\">Ofrojm\u00eb prodhime brumi t\u00eb ndryshme si briosh, kadaif, buk\u00eb tosti etj.<\/span><\/p>\n<p>[\/vc_column_text][vc_empty_space height=&#8221;20px&#8221;][vc_btn title=&#8221;M\u00cb SHUM\u00cb&#8221; style=&#8221;custom&#8221; custom_background=&#8221;#2556A2&#8243; custom_text=&#8221;#ffffff&#8221; shape=&#8221;square&#8221; align=&#8221;center&#8221; css=&#8221;&#8221; link=&#8221;url:https%3A%2F%2Falselfood.com%2Findex.php%2Fprodhime-brumi%2F|title:BRUMERAT||&#8221;][vc_empty_space height=&#8221;20px&#8221;]\t\t<\/div>\t<\/a><\/div>[\/vc_column][vc_column width=&#8221;1\/3&#8243;]<div class=\"ult-content-box-container \" >\t<a class=\"ult-content-box-anchor\" href=\"https:\/\/alselfood.com\/index.php\/peshk\/\" title=\"PRODUKTE DETI\" >\t\t<div class=\"ult-content-box\" style=\"background-image:url(&#039;https:\/\/alselfood.com\/wp-content\/uploads\/2019\/04\/back-img-produkte.png&#039;);background-size: cover;background-repeat: repeat;background-position: center center;background-color: rgba(0, 0, 0, 0);box-shadow: px px px px none;-webkit-transition: all 700ms ease;-moz-transition: all 700ms ease;-ms-transition: all 700ms ease;-o-transition: all 700ms ease;transition: all 700ms ease;\"  data-hover_box_shadow=\"none\"    >[vc_single_image image=&#8221;1222&#8243; img_size=&#8221;full&#8221; alignment=&#8221;center&#8221; image_hovers=&#8221;false&#8221;][vc_custom_heading text=&#8221;PRODHIME DETI&#8221; font_container=&#8221;tag:h4|text_align:center&#8221; google_fonts=&#8221;font_family:Montserrat%3Aregular%2C700|font_style:700%20bold%20regular%3A700%3Anormal&#8221;][vc_column_text css=&#8221;.vc_custom_1554122777931{padding-right: 30px !important;padding-left: 30px !important;}&#8221;]<\/p>\n<p style=\"font-family: Montserrat, serif; text-align: center;\"><span style=\"color: #000000;\">Ofrojm\u00eb produkte deti t\u00eb ndryshme si peshk, merluc, kallamar, karkalec etj.<\/span><\/p>\n<p>[\/vc_column_text][vc_empty_space height=&#8221;20px&#8221;][vc_btn title=&#8221;M\u00cb SHUM\u00cb&#8221; style=&#8221;custom&#8221; custom_background=&#8221;#2556A2&#8243; custom_text=&#8221;#ffffff&#8221; shape=&#8221;square&#8221; align=&#8221;center&#8221; css=&#8221;&#8221; link=&#8221;url:https%3A%2F%2Falselfood.com%2Findex.php%2Fpeshk%2F|||&#8221;][vc_empty_space height=&#8221;20px&#8221;]\t\t<\/div>\t<\/a><\/div>[\/vc_column][\/vc_row][vc_row][vc_column][vc_empty_space][\/vc_column][\/vc_row][vc_row][vc_column width=&#8221;1\/3&#8243;]<div class=\"ult-content-box-container \" >\t<a class=\"ult-content-box-anchor\" href=\"https:\/\/alselfood.com\/index.php\/bulmet\/\" title=\"PRODUKTE BULMETI\" >\t\t<div class=\"ult-content-box\" style=\"background-image:url(&#039;https:\/\/alselfood.com\/wp-content\/uploads\/2019\/04\/back-img-produkte.png&#039;);background-size: cover;background-repeat: repeat;background-position: center center;background-color: rgba(0, 0, 0, 0);box-shadow: px px px px none;-webkit-transition: all 700ms ease;-moz-transition: all 700ms ease;-ms-transition: all 700ms ease;-o-transition: all 700ms ease;transition: all 700ms ease;\"  data-hover_box_shadow=\"none\"    >[vc_single_image image=&#8221;1226&#8243; img_size=&#8221;full&#8221; alignment=&#8221;center&#8221; image_hovers=&#8221;false&#8221;][vc_custom_heading text=&#8221;PRODUKTE BULMETI&#8221; font_container=&#8221;tag:h4|text_align:center&#8221; google_fonts=&#8221;font_family:Montserrat%3Aregular%2C700|font_style:700%20bold%20regular%3A700%3Anormal&#8221;][vc_column_text css=&#8221;.vc_custom_1555430031968{padding-right: 30px !important;padding-left: 30px !important;}&#8221;]<\/p>\n<p style=\"font-family: Montserrat, serif; text-align: center;\"><span style=\"color: #000000;\">Ofrojm\u00eb produkte t\u00eb ndryshme bulmeti si djath, salce kosi, majonez\u00eb.<\/span><\/p>\n<p>[\/vc_column_text][vc_empty_space height=&#8221;20px&#8221;][vc_btn title=&#8221;M\u00cb SHUM\u00cb&#8221; style=&#8221;custom&#8221; custom_background=&#8221;#2556A2&#8243; custom_text=&#8221;#ffffff&#8221; shape=&#8221;square&#8221; align=&#8221;center&#8221; css=&#8221;&#8221; link=&#8221;url:https%3A%2F%2Falselfood.com%2Findex.php%2Fbulmet%2F|||&#8221;][vc_empty_space height=&#8221;20px&#8221;]\t\t<\/div>\t<\/a><\/div>[\/vc_column][vc_column width=&#8221;1\/3&#8243;]<div class=\"ult-content-box-container \" >\t<a class=\"ult-content-box-anchor\" href=\"https:\/\/alselfood.com\/index.php\/foodservice\/\" title=\"FOODSERVICE\" >\t\t<div class=\"ult-content-box\" style=\"background-image:url(&#039;https:\/\/alselfood.com\/wp-content\/uploads\/2019\/04\/back-img-produkte.png&#039;);background-size: cover;background-repeat: repeat;background-position: center center;background-color: rgba(0, 0, 0, 0);box-shadow: px px px px none;-webkit-transition: all 700ms ease;-moz-transition: all 700ms ease;-ms-transition: all 700ms ease;-o-transition: all 700ms ease;transition: all 700ms ease;\"  data-hover_box_shadow=\"none\"    >[vc_single_image image=&#8221;1229&#8243; img_size=&#8221;full&#8221; alignment=&#8221;center&#8221; image_hovers=&#8221;false&#8221;][vc_custom_heading text=&#8221;Food Service&#8221; font_container=&#8221;tag:h4|text_align:center&#8221; google_fonts=&#8221;font_family:Montserrat%3Aregular%2C700|font_style:700%20bold%20regular%3A700%3Anormal&#8221;][vc_column_text css=&#8221;.vc_custom_1554123082081{padding-right: 30px !important;padding-left: 30px !important;}&#8221;]<\/p>\n<p style=\"font-family: Montserrat, serif; text-align: center;\"><span style=\"color: #000000;\">Ofrojm\u00eb produkte t\u00eb ndryshme p\u00ebr foodservice si vaj, ketchup, mayonnails.<\/span><\/p>\n<p>[\/vc_column_text][vc_empty_space height=&#8221;20px&#8221;][vc_btn title=&#8221;M\u00cb SHUM\u00cb&#8221; style=&#8221;custom&#8221; custom_background=&#8221;#2556A2&#8243; custom_text=&#8221;#ffffff&#8221; shape=&#8221;square&#8221; align=&#8221;center&#8221; css=&#8221;&#8221; link=&#8221;url:https%3A%2F%2Falselfood.com%2Findex.php%2Ffoodservice%2F|||&#8221;][vc_empty_space height=&#8221;20px&#8221;]\t\t<\/div>\t<\/a><\/div>[\/vc_column][vc_column width=&#8221;1\/3&#8243;]<div class=\"ult-content-box-container \" >\t<a class=\"ult-content-box-anchor\" href=\"https:\/\/alselfood.com\/index.php\/produkte-mishi\/\" title=\"PRODUKTE MISHI\" >\t\t<div class=\"ult-content-box\" style=\"background-image:url(&#039;https:\/\/alselfood.com\/wp-content\/uploads\/2019\/04\/back-img-produkte.png&#039;);background-size: cover;background-repeat: repeat;background-position: center center;background-color: rgba(0, 0, 0, 0);box-shadow: px px px px none;-webkit-transition: all 700ms ease;-moz-transition: all 700ms ease;-ms-transition: all 700ms ease;-o-transition: all 700ms ease;transition: all 700ms ease;\"  data-hover_box_shadow=\"none\"    >[vc_single_image image=&#8221;1231&#8243; img_size=&#8221;full&#8221; alignment=&#8221;center&#8221; image_hovers=&#8221;false&#8221;][vc_custom_heading text=&#8221;PRODUKTE MISHI&#8221; font_container=&#8221;tag:h4|text_align:center&#8221; google_fonts=&#8221;font_family:Montserrat%3Aregular%2C700|font_style:700%20bold%20regular%3A700%3Anormal&#8221;][vc_column_text css=&#8221;.vc_custom_1554122362150{padding-right: 30px !important;padding-left: 30px !important;}&#8221;]<\/p>\n<p style=\"font-family: Montserrat, serif; text-align: center;\"><span style=\"color: #000000;\">Ofrojm\u00eb produkte mishi t\u00eb ndryshme si mish pule, fileto, derri, vici etj.<\/span><\/p>\n<p>[\/vc_column_text][vc_empty_space height=&#8221;20px&#8221;][vc_btn title=&#8221;M\u00cb SHUM\u00cb&#8221; style=&#8221;custom&#8221; custom_background=&#8221;#2556A2&#8243; custom_text=&#8221;#ffffff&#8221; shape=&#8221;square&#8221; align=&#8221;center&#8221; css=&#8221;&#8221; link=&#8221;url:https%3A%2F%2Falselfood.com%2Findex.php%2Fprodukte-mishi%2F|||&#8221;][vc_empty_space height=&#8221;20px&#8221;]\t\t<\/div>\t<\/a><\/div>[\/vc_column][\/vc_row][vc_row][vc_column][vc_empty_space][\/vc_column][\/vc_row][vc_row][vc_column width=&#8221;1\/3&#8243;]<div class=\"ult-content-box-container \" >\t<a class=\"ult-content-box-anchor\" href=\"https:\/\/alselfood.com\/index.php\/perime-te-ngrira\/\" title=\"PERIME TE NGRIRA\" >\t\t<div class=\"ult-content-box\" style=\"background-image:url(&#039;https:\/\/alselfood.com\/wp-content\/uploads\/2019\/04\/back-img-produkte.png&#039;);background-size: cover;background-repeat: repeat;background-position: center center;background-color: rgba(0, 0, 0, 0);box-shadow: px px px px none;-webkit-transition: all 700ms ease;-moz-transition: all 700ms ease;-ms-transition: all 700ms ease;-o-transition: all 700ms ease;transition: all 700ms ease;\"  data-hover_box_shadow=\"none\"    >[vc_single_image image=&#8221;1237&#8243; img_size=&#8221;full&#8221; alignment=&#8221;center&#8221; image_hovers=&#8221;false&#8221;][vc_custom_heading text=&#8221;PERIME TE NGRIRA&#8221; font_container=&#8221;tag:h4|text_align:center&#8221; google_fonts=&#8221;font_family:Montserrat%3Aregular%2C700|font_style:700%20bold%20regular%3A700%3Anormal&#8221;][vc_column_text css=&#8221;.vc_custom_1554122649581{padding-right: 30px !important;padding-left: 30px !important;}&#8221;]<\/p>\n<p style=\"font-family: Montserrat, serif; text-align: center;\"><span style=\"color: #000000;\">Ofrojm\u00eb produkte t\u00eb ngrira si mix, bamje, bishtaj\u00eb, mis\u00ebr, sallat\u00eb etj.<\/span><\/p>\n<p>[\/vc_column_text][vc_empty_space height=&#8221;20px&#8221;][vc_btn title=&#8221;M\u00cb SHUM\u00cb&#8221; style=&#8221;custom&#8221; custom_background=&#8221;#2556A2&#8243; custom_text=&#8221;#ffffff&#8221; shape=&#8221;square&#8221; align=&#8221;center&#8221; css=&#8221;&#8221; link=&#8221;url:https%3A%2F%2Falselfood.com%2Findex.php%2Fperime-te-ngrira%2F|||&#8221;][vc_empty_space height=&#8221;20px&#8221;]\t\t<\/div>\t<\/a><\/div>[\/vc_column][vc_column width=&#8221;1\/3&#8243;]<div class=\"ult-content-box-container \" >\t\t<div class=\"ult-content-box\" style=\"background-image:url(&#039;https:\/\/alselfood.com\/wp-content\/uploads\/2019\/04\/back-img-produkte.png&#039;);background-size: cover;background-repeat: repeat;background-position: center center;background-color: rgba(0, 0, 0, 0);box-shadow: px px px px none;-webkit-transition: all 700ms ease;-moz-transition: all 700ms ease;-ms-transition: all 700ms ease;-o-transition: all 700ms ease;transition: all 700ms ease;\"  data-hover_box_shadow=\"none\"    >[vc_single_image image=&#8221;1240&#8243; img_size=&#8221;full&#8221; alignment=&#8221;center&#8221; image_hovers=&#8221;false&#8221;][vc_custom_heading text=&#8221;FRUTA TE NGRIRA&#8221; font_container=&#8221;tag:h4|text_align:center&#8221; google_fonts=&#8221;font_family:Montserrat%3Aregular%2C700|font_style:700%20bold%20regular%3A700%3Anormal&#8221;][vc_column_text css=&#8221;.vc_custom_1620135785460{padding-right: 30px !important;padding-left: 30px !important;}&#8221;]<\/p>\n<p style=\"font-family: Montserrat, serif; text-align: center;\"><span style=\"color: #000000;\">Ofrojm\u00eb fruta t\u00eb ngrira si luleshtrydhe, fruta pylli,boronica etj.<\/span><\/p>\n<p>[\/vc_column_text][vc_empty_space height=&#8221;20px&#8221;][vc_btn title=&#8221;M\u00cb SHUM\u00cb&#8221; style=&#8221;custom&#8221; custom_background=&#8221;#2556A2&#8243; custom_text=&#8221;#ffffff&#8221; shape=&#8221;square&#8221; align=&#8221;center&#8221; css=&#8221;&#8221; link=&#8221;url:https%3A%2F%2Falselfood.com%2Findex.php%2Ffruta-te-ngrira%2F|title:FRUTA%20TE%20NGRIRA||&#8221;][vc_empty_space height=&#8221;20px&#8221;]\t\t<\/div><\/div>[\/vc_column][vc_column width=&#8221;1\/3&#8243;]<div class=\"ult-content-box-container \" >\t\t<div class=\"ult-content-box\" style=\"background-image:url(&#039;https:\/\/alselfood.com\/wp-content\/uploads\/2019\/04\/back-img-produkte.png&#039;);background-size: cover;background-repeat: repeat;background-position: center center;background-color: rgba(0, 0, 0, 0);box-shadow: px px px px none;-webkit-transition: all 700ms ease;-moz-transition: all 700ms ease;-ms-transition: all 700ms ease;-o-transition: all 700ms ease;transition: all 700ms ease;\"  data-hover_box_shadow=\"none\"    >[vc_single_image image=&#8221;1234&#8243; img_size=&#8221;full&#8221; alignment=&#8221;center&#8221; image_hovers=&#8221;false&#8221;][vc_custom_heading text=&#8221;PATATE TE SKUQURA&#8221; font_container=&#8221;tag:h4|text_align:center&#8221; google_fonts=&#8221;font_family:Montserrat%3Aregular%2C700|font_style:700%20bold%20regular%3A700%3Anormal&#8221;][vc_column_text css=&#8221;.vc_custom_1554121639912{padding-right: 30px !important;padding-left: 30px !important;}&#8221;]<\/p>\n<p style=\"font-family: Montserrat, serif; text-align: center;\"><span style=\"color: #000000;\">Ofrojm\u00eb patate t\u00eb skuqura t\u00eb paketimeve t\u00eb ndryshme.<\/span><\/p>\n<p>[\/vc_column_text][vc_empty_space height=&#8221;20px&#8221;][vc_btn title=&#8221;M\u00cb SHUM\u00cb&#8221; style=&#8221;custom&#8221; custom_background=&#8221;#2556A2&#8243; custom_text=&#8221;#ffffff&#8221; shape=&#8221;square&#8221; align=&#8221;center&#8221; css=&#8221;&#8221; link=&#8221;url:https%3A%2F%2Falselfood.com%2Findex.php%2Fpatate-te-skuqura%2F|||&#8221;][vc_empty_space height=&#8221;20px&#8221;]\t\t<\/div><\/div>[\/vc_column][\/vc_row][vc_row][vc_column][vc_empty_space][\/vc_column][\/vc_row][vc_row][vc_column width=&#8221;1\/3&#8243;]<div class=\"ult-content-box-container \" >\t\t<div class=\"ult-content-box\" style=\"background-image:url(&#039;https:\/\/alselfood.com\/wp-content\/uploads\/2019\/04\/back-img-produkte.png&#039;);background-size: cover;background-repeat: repeat;background-position: center center;background-color: rgba(0, 0, 0, 0);box-shadow: px px px px none;-webkit-transition: all 700ms ease;-moz-transition: all 700ms ease;-ms-transition: all 700ms ease;-o-transition: all 700ms ease;transition: all 700ms ease;\"  data-hover_box_shadow=\"none\"    >[vc_single_image image=&#8221;1243&#8243; img_size=&#8221;full&#8221; alignment=&#8221;center&#8221; image_hovers=&#8221;false&#8221;][vc_custom_heading text=&#8221;PAKETIM MARKETI&#8221; font_container=&#8221;tag:h4|text_align:center&#8221; google_fonts=&#8221;font_family:Montserrat%3Aregular%2C700|font_style:700%20bold%20regular%3A700%3Anormal&#8221;][vc_column_text css=&#8221;.vc_custom_1620136020813{padding-right: 30px !important;padding-left: 30px !important;}&#8221;]<\/p>\n<p style=\"font-family: Montserrat, serif; text-align: center;\"><span style=\"color: #000000;\">Ofrojm\u00eb paketime t\u00eb ndryshme me ushqime p\u00ebr markete.<\/span><\/p>\n<p>[\/vc_column_text][vc_empty_space height=&#8221;20px&#8221;][vc_btn title=&#8221;M\u00cb SHUM\u00cb&#8221; style=&#8221;custom&#8221; custom_background=&#8221;#2556A2&#8243; custom_text=&#8221;#ffffff&#8221; shape=&#8221;square&#8221; align=&#8221;center&#8221; css=&#8221;&#8221; link=&#8221;url:https%3A%2F%2Falselfood.com%2Findex.php%2Fpaketim-markete%2F|title:PAKETIM%20MARKETE||&#8221;][vc_empty_space height=&#8221;20px&#8221;]\t\t<\/div><\/div>[\/vc_column][vc_column width=&#8221;1\/3&#8243;][\/vc_column][vc_column width=&#8221;1\/3&#8243;][\/vc_column][\/vc_row]<\/p>\n<\/div>","protected":false},"excerpt":{"rendered":"<p>[vc_row][vc_column width=&#8221;1\/3&#8243;][\/vc_column][vc_column width=&#8221;1\/3&#8243;][\/vc_column][vc_column width=&#8221;1\/3&#8243;][\/vc_column][\/vc_row][vc_row][vc_column][vc_empty_space][\/vc_column][\/vc_row][vc_row][vc_column width=&#8221;1\/3&#8243;][\/vc_column][vc_column width=&#8221;1\/3&#8243;][\/vc_column][vc_column width=&#8221;1\/3&#8243;][\/vc_column][\/vc_row][vc_row][vc_column][vc_empty_space][\/vc_column][\/vc_row][vc_row][vc_column width=&#8221;1\/3&#8243;][\/vc_column][vc_column width=&#8221;1\/3&#8243;][\/vc_column][vc_column width=&#8221;1\/3&#8243;][\/vc_column][\/vc_row][vc_row][vc_column][vc_empty_space][\/vc_column][\/vc_row][vc_row][vc_column width=&#8221;1\/3&#8243;][\/vc_column][vc_column width=&#8221;1\/3&#8243;][\/vc_column][vc_column width=&#8221;1\/3&#8243;][\/vc_column][\/vc_row]<\/p>\n","protected":false},"author":2,"featured_media":0,"parent":0,"menu_order":0,"comment_status":"closed","ping_status":"closed","template":"","meta":{"footnotes":""},"class_list":["post-335","page","type-page","status-publish","hentry","description-off"],"_links":{"self":[{"href":"https:\/\/alselfood.com\/index.php\/wp-json\/wp\/v2\/pages\/335","targetHints":{"allow":["GET"]}}],"collection":[{"href":"https:\/\/alselfood.com\/index.php\/wp-json\/wp\/v2\/pages"}],"about":[{"href":"https:\/\/alselfood.com\/index.php\/wp-json\/wp\/v2\/types\/page"}],"author":[{"embeddable":true,"href":"https:\/\/alselfood.com\/index.php\/wp-json\/wp\/v2\/users\/2"}],"replies":[{"embeddable":true,"href":"https:\/\/alselfood.com\/index.php\/wp-json\/wp\/v2\/comments?post=335"}],"version-history":[{"count":17,"href":"https:\/\/alselfood.com\/index.php\/wp-json\/wp\/v2\/pages\/335\/revisions"}],"predecessor-version":[{"id":1587,"href":"https:\/\/alselfood.com\/index.php\/wp-json\/wp\/v2\/pages\/335\/revisions\/1587"}],"wp:attachment":[{"href":"https:\/\/alselfood.com\/index.php\/wp-json\/wp\/v2\/media?parent=335"}],"curies":[{"name":"wp","href":"https:\/\/api.w.org\/{rel}","templated":true}]}}